mainder when 39 is divided by x(-6)?
9
Let l be -1*(-1 + 3) - 58. Let h be ((-6)/5)/(4/l). Suppose -4*v + h = -2. What is the remainder when v is divided by 3?
2
Let r be 18/(-2)*(-6)/(-9). Let c be r/((-1)/2 + 2). Calculate the remainder when (10/c)/(3/(-6)) is divided by 3.
2
What is the remainder when (0 - 21)*(-15 + 14) is divided by 12?
9
Let a = 83 - 70. What is the remainder when a is divided by 4?
1
Suppose 3*g - 15 = -2*g. What is the remainder when ((-6)/6)/(2/(-12)) is divided by g?
0
Let p = -14 + 43. What is the remainder when p is divided by 8?
5
Suppose 5*x - 23 = 12. Calculate the remainder when 25 is divided by x.
4
Let a = -26 - -90. Let m = a - 38. Calculate the remainder when m is divided by 9.
8
Suppose -2*q = -6*q + 3*r + 111, -3*r = -2*q + 63. What is the remainder when ((-188)/(-12))/((-1)/(-6)) is divided by q?
22
Let k(j) = j + 14. What is the remainder when k(6) is divided by 7?
6
Let y(g) = 2*g + g**3 + 2*g - 4*g - 4*g - 4*g**2 + 3. Calculate the remainder when y(6) is divided by 26.
25
Let g be (-3 + 0 + 2)/(-1). Suppose 5*z - 14 - g = f, 20 = -4*f. Let w(c) = c**3 + 2*c**2 + 2. What is the remainder when w(-2) is divided by z?
0
Suppose 0 = 2*i + 3*z - 4 - 10, 0 = -i - z + 9. Let t be ((-7)/14)/(2/(-52)). Suppose -25 = -y + t. Calculate the remainder when y is divided by i.
12
Suppose 40 = 5*r - 0. Let c = -116 - -130. Calculate the remainder when c is divided by r.
6
Let g(p) = p**2 + 2*p + 2. Let m be g(-4). Suppose -2*s + 62 + m = 0. What is the remainder when s is divided by 13/((-2)/2*-1)?
10
Let s = 6 + -9. Let t be (-164)/12 + 1/s. Let n = t + 30. Calculate the remainder when 47 is divided by n.
15
Let n(x) = -3*x - 9. Let o be n(5). Calculate the remainder when (78/8)/((-9)/o) is divided by 7.
5
Suppose 27*a = 38*a - 165. What is the remainder when 33 is divided by a?
3
What is the remainder when 4/(-6)*513/(-9) is divided by 1 + (3 - 0) + 16?
18
Suppose -2*l + 16 = -6*l. Let u = l + 8. Suppose -u*t + 10 + 34 = 0. What is the remainder when 21 is divided by t?
10
Suppose 12*z - 4 = 11*z. Calculate the remainder when 6 is divided by (6/z)/(3/8).
2
Let f(y) = y**2 + 15*y + 5. What is the remainder when f(-16) is divided by 6?
3
Suppose -3*g = -7*g + 52. What is the remainder when 21 is divided by g?
8
Let d(u) = 7*u**2 + 5*u - 10. Let k(m) = -6*m**2 - 6*m + 9. Let j(i) = 5*d(i) + 6*k(i). Let a = 9 + 6. Calculate the remainder when j(-8) is divided by a.
13
Suppose -5*h + 0*o + 195 = 4*o, -o = -5*h + 170. What is the remainder when 138 is divided by h?
33
Let h(w) = w + 4. What is the remainder when h(12) is divided by 9?
7
Let x be 42 + (-2 - 2)/(-2). Let i = x - 10. What is the remainder when i is divided by ((-45)/(-10))/(6/16)?
10
Suppose 5*w = -10 - 20. Let s = 15 + w. Let h(k) = -k**2 + 9*k - 1. What is the remainder when h(6) is divided by s?
8
Suppose -2*w = -3*h - 23, h - 2 = 4*w - 23. Suppose 222 = 7*p - w*p. What is the remainder when p is divided by 19?
17
Suppose z + 10 = 6*z. Calculate the remainder when z - (3 + -28) - 1 is divided by 7.
5
Suppose 0 = 5*x + 2*t - 22, -x = x + 2*t - 10. Calculate the remainder when 14 is divided by x.
2
Suppose 0 = -p + 3*p. Let z(b) = b**2 + b + 17. What is the remainder when z(p) is divided by 6?
5
Suppose w - 58 = -3*l, 4*l + l = 3*w - 216. What is the remainder when w is divided by 23?
21
Let d = -70 + 121. Calculate the remainder when 152 is divided by d.
50
Let p(f) = -f**3 - 9*f**2 + 5*f - 1. Calculate the remainder when p(-10) is divided by 13.
10
Let y(n) = 3*n - 9. What is the remainder when 35 is divided by y(6)?
8
Suppose 0*b + 66 = 2*b + 2*r, 4*b - 2*r = 138. What is the remainder when b is divided by 12?
10
Suppose 4*h - 104 = -4*h. What is the remainder when 90 is divided by h?
12
Let l(g) = g**3 - 5*g**2 - 7*g + 7. Let q be l(6). Suppose -5*o + 20 = 5*p, 0 = o - 3*p - 15 - 1. Calculate the remainder when o is divided by (-3 + q)*(-3)/2.
1
Let z = 64 + -51. Calculate the remainder when 21 is divided by z.
8
Let j = -65 + 106. Let g be 10/(-3)*78/(-4). Suppose 4*i = 2*s + 54, g = 5*i + s - 6*s. Calculate the remainder when j is divided by i.
13
Let m(l) be the second derivative of -7*l**3/6 - 9*l**2/2 + 3*l. Calculate the remainder when m(-6) is divided by 12.
9
Let v = 49 - 35. What is the remainder when 67 is divided by v?
11
Let j(r) = r - 12. Let z be j(-6). What is the remainder when 57 is divided by (18/z)/(2/(-60))?
27
Let d be (129 + 0)*(9 - 8). Suppose -d = -2*j - j. Calculate the remainder when j is divided by 15.
13
Let d(t) = t + 11. Calculate the remainder when 79 is divided by d(5).
15
Suppose -t - 7 + 20 = 2*d, 3*t = -d - 6. Let g = d - 6. Let x(y) = 5*y + 2. Calculate the remainder when x(g) is divided by 6.
5
Let l = -37 + 75. Suppose -2*v + 6 = -l. What is the remainder when v is divided by (4 - 2) + -5 + 15?
10
Suppose 15 = -4*y + n + 67, -2*n - 20 = -y. What is the remainder when 19 is divided by y?
7
Let r(f) = -f**3 - 22*f**2 - 22*f - 13. What is the remainder when 39 is divided by r(-21)?
7
Suppose o - 4 = -g - 0, 3*g - 4 = -o. Calculate the remainder when 2 is divided by g - -3 - (-2 - -4).
0
Let u = 108 - 38. What is the remainder when u is divided by 18?
16
Let q(c) = -56*c + 8. Calculate the remainder when q(-3) is divided by 30.
26
Let n(w) = 6*w + w - 3 - 1 + 2*w. Calculate the remainder when 67 is divided by n(2).
11
Let r = 76 + -47. What is the remainder when 107 is divided by r?
20
Let f(t) = t**3 - 3*t**2 + 4*t. Let h be f(3). Suppose 5*o + 33 = 3*u + u, 5*u = 5*o + 35. What is the remainder when h + 4/u + -4 is divided by 4?
2
What is the remainder when 143 is divided by 2*14*(-66)/(-77)?
23
Let b = 11 - 13. Calculate the remainder when (b + -1)*-1 + 9 is divided by 5.
2
Let y = -41 - -52. Calculate the remainder when 42 is divided by y.
9
Let k be 0 + 1*-112 + -1. Let f = -48 - k. What is the remainder when f is divided by 17?
14
Calculate the remainder when 9/3 - (-4 + -3 + 3) is divided by 0 - 0 - -2 - -2.
3
Let r be 24/15*(2 + 3). Let p = r - 4. What is the remainder when p is divided by 2?
0
Suppose 3*h + h - 8 = 0. Suppose u - z = z + 61, 5*z + 121 = h*u. Calculate the remainder when u is divided by 22.
19
Let x = -23 + 56. Let s = 48 - x. What is the remainder when 28 is divided by s?
13
Let m(c) = c**3 - c**2 + 3*c. Let r be m(-3). Calculate the remainder when 38 is divided by (-4)/18 + (-595)/r.
12
Suppose 0*s - 51 = -3*s. Let u(f) = -5*f + 8*f + 8*f - 6. Calculate the remainder when u(5) is divided by s.
15
Let s be (-1142)/(-6) - 1/3. Suppose -6*d = -d - s. What is the remainder when d is divided by 13?
12
What is the remainder when 52 is divided by (324/(-45))/((-2)/5)?
16
Let v(b) = 4*b - 6. What is the remainder when 19 is divided by v(4)?
9
Suppose 2*g + 2*c = -0*c + 38, 3*g - 73 = 5*c. Calculate the remainder when g is divided by 5.
1
Let y = 39 + -21. Let f = -74 - -107. Calculate the remainder when f is divided by y.
15
Let t(b) = -2*b - 29. What is the remainder when 31 is divided by t(-23)?
14
Calculate the remainder when (-2)/((-8)/276*-3)*-1 is divided by 9.
5
Let l(s) be the third derivative of -s**5/60 + s**4/6 + s**3/2 - s**2. Calculate the remainder when (6/(-4))/((-6)/32) is divided by l(4).
2
Let i = -1 + 3. What is the remainder when 16 is divided by 75/12 + i/(-8)?
4
Suppose -15*p = -17*p + 14. Let t = 31 - 6. What is the remainder when t is divided by p?
4
Suppose -d = -0*d, -3*b + 27 = -2*d. Calculate the remainder when 51 is divided by b.
6
Let w(i) be the second derivative of -7*i**3/6 - i**2 - 9*i. What is the remainder when (2 + (-47)/1)*-1 is divided by w(-2)?
9
Suppose -53 = -4*u + 27. Suppose -12 = -2*x + 10. Calculate the remainder when u is divided by x.
9
Let m be 4/(-6)*1827/(-14). Suppose -278 - m = 5*o. Calculate the remainder when -8 - -7 - (o + 1) is divided by 24.
23
Suppose -j - 3*i + 46 = -6*i, 184 = 4*j + 3*i. Calculate the remainder when 135 is divided by j.
43
Let i = 27 + -27. Suppose i*d = -5*d + 90. What is the remainder when 70 is divided by d?
16
Let z = -1 - -4. Let c(f) = z*f**2 - 2*f**2 - 1 + 2*f + 5. What is the remainder when c(-5) is divided by 7?
5
Suppose 0 = 2*r + 2*z - 14, -1 = -2*z + 5. Calculate the remainder when r is divided by 2.
0
Suppo